rime factors of v.
13, 89
Suppose 7*o - 28 + 0 = 0. Suppose o*u - 17 - 3 = 0. What are the prime factors of u?
5
Suppose 4*h - 2*w + 113 = 467, 0 = -2*w + 6. List the prime factors of h.
2, 3, 5
Suppose 4 = 5*v - 2*s - 0*s, -5*v + 25 = 5*s. Let w = 153 - v. Let q = w - 88. What are the prime factors of q?
3, 7
Suppose 0*q + 3*q + 1947 = -3*f, -5*f - 4*q = 3242. Let w be f/(-6) - 17/(-51). Suppose 3*o - o - w = 0. List the prime factors of o.
2, 3
Let r(w) = -24*w + 15. Let y(k) = -16*k + 10. Let x(c) = 5*r(c) - 8*y(c). Let d be x(7). Let t = d - 26. List the prime factors of t.
5
Let a be -111 - (-3 - -4)/(-1). Let j = a - -159. List the prime factors of j.
7
Suppose -11*t = -t - 30. Suppose 111 + 396 = t*k. What are the prime factors of k?
13
Let l = -2 + -20. Let u = l - -26. List the prime factors of u.
2
Suppose -166 - 299 = -3*o. What are the prime factors of o?
5, 31
Suppose -45 = -5*s + 20. Let l(i) = i - 8. Let j be l(s). Suppose -j*x = -46 - 154. List the prime factors of x.
2, 5
Suppose -5*w + 5*g = -210, -5*g + 8 = -2. Let f = w - -9. What are the prime factors of f?
53
Suppose 355 + 30 = -5*u. Let b = u - -262. List the prime factors of b.
5, 37
Suppose 0 = 5*l + 4*p - p - 944, -4*l = -2*p - 764. Let c = l - 14. What are the prime factors of c?
2, 11
Let l(x) = x + 10. Let b be l(-5). Suppose 4*p = b*p. Suppose 5*g - g - 212 = p. List the prime factors of g.
53
Suppose -1205 = -13*m + 4099. List the prime factors of m.
2, 3, 17
List the prime factors of (-75114)/(-14) + 770/49 + -16.
5, 29, 37
Let a = 2109 - 557. What are the prime factors of a?
2, 97
Let p be 2/5 - 54/10. Let b(h) = -4*h + 9. List the prime factors of b(p).
29
Suppose -u + 4 - 10 = 0. What are the prime factors of u/4*(-3)/((-54)/(-264))?
2, 11
Let w be (0 - 22)/(-2*(-2)/(-4)). Suppose -16*x - 1188 = -w*x. List the prime factors of x.
2, 3, 11
Let p = -14 + 28. What are the prime factors of (-71)/(-2) + 7/p?
2, 3
Suppose 4*j + 2*t = j + 4000, 4*t = 3*j - 4006. What are the prime factors of j?
2, 23, 29
Suppose 8*r - 5 = 13*r. Let g(h) be the second derivative of 9*h**4/2 + h**3/6 + h**2/2 + 3*h. What are the prime factors of g(r)?
2, 3
Let d(p) = p**3 - 16*p**2 + 15*p + 4. Let m be d(15). Suppose 0 = a - 3*i - 56, a = -m*a - 2*i + 263. List the prime factors of a.
53
Let h(p) = p**2 + 14*p + 18. Let u be h(-14). Suppose 0 = n - w - 144, 3*n + 5*w - 414 = u. List the prime factors of n.
2, 3
Suppose -21*q + 1190 = -4*q. What are the prime factors of q?
2, 5, 7
Let b be (-2)/(-11) + 16/(-88). Suppose -4*q - 3*w - 67 = b, -8*q = -4*q - 5*w + 27. Let s = q - -60. List the prime factors of s.
47
Suppose -3 = -4*w + y, 3 = w + 4*w - y. Suppose w = -5*u + 5, -106 = -2*c - c - u. Let k = c + -16. What are the prime factors of k?
19
Let b(t) = -t**3 + 46*t**2 - 57*t - 161. What are the prime factors of b(43)?
5, 587
Let u(f) = f**3 + 12*f**2 - 15*f. Let i be 72/20 - (-6)/(-10). Suppose -q + i*g = 10, 3*q + 54 = -3*g + 12. What are the prime factors of u(q)?
2, 13
Suppose -3*c + 225 = -12*c. Let p = -21 - c. What are the prime factors of p?
2
Suppose -7*u = -32*u + 24800. What are the prime factors of u?
2, 31
Let q = -1701 + 2977. What are the prime factors of q?
2, 11, 29
Let g(j) = 15*j + 93. List the prime factors of g(9).
2, 3, 19
Let s(i) = 302*i**2 - 27*i - 10. List the prime factors of s(-4).
2, 5, 17, 29
Let o be 10*5*(-2)/(-25). Suppose -4*q = -w - 236, -q - 136 = -3*q - o*w. List the prime factors of q.
2, 3, 5
Suppose -1598 + 5207 = 9*x. List the prime factors of x.
401
Let f = -287 + 422. Suppose 4*w + f = -c, -3*c - 200 - 205 = 5*w. Let x = 198 + c. What are the prime factors of x?
3, 7
Let m be 0/4 + 222 + 0. Suppose 3*o - m = 3. Suppose 5*u - o = 2*u. List the prime factors of u.
5
Suppose 0 = -2*v + 226 + 404. List the prime factors of v.
3, 5, 7
Let c be (3 - 1) + 1 + 1. Suppose c*s = -0*s. Let d = s - -5. What are the prime factors of d?
5
Suppose a = -2*a + 6. Suppose -a*x - 1 = -7. Suppose x*q = q + 24. List the prime factors of q.
2, 3
Let o(i) = 2*i**2 + 11*i + 25. List the prime factors of o(15).
2, 5
Let w = -302 + 130. Let h = -83 - w. List the prime factors of h.
89
Let d(z) = 2*z**2 - 11*z - 10. Suppose 4*v - 33 - 7 = 0. List the prime factors of d(v).
2, 5
Let n(d) = d**3 - 14*d**2 - 15*d - 9. Let o be n(15). Suppose 2*x + 6 = -8. Let j = x - o. List the prime factors of j.
2
Let q be ((-450)/40)/(2/(-24)). What are the prime factors of 4/18 + 240/q?
2
Suppose -332 = -5*b + b. Let k = b + -15. What are the prime factors of k?
2, 17
Let i(r) = 4*r - 29 - 4*r**2 + 6 + 5*r**2 - 23*r. What are the prime factors of i(23)?
3, 23
Let i(t) = -31*t**3 - 17*t**3 + 1 - 2*t**2 + 2*t**3. Let m be i(-1). Suppose -4*w = 3*g - m, -w - g + 10 = -0*w. What are the prime factors of w?
3, 5
Let h(l) = -42*l + 79. List the prime factors of h(-10).
499
What are the prime factors of (-10 + 3)*1918/(-49)?
2, 137
Suppose -6878 = -47*s + 47501. List the prime factors of s.
13, 89
Suppose -5*y = 41 - 216. Suppose -v - 20 = 3*b, -5*b + 3*v - y = 17. What are the prime factors of b/(-8) - (-17 + -1)?
19
Let v(p) be the second derivative of -p**5/20 + 5*p**4/6 - 5*p**3/3 - 2*p**2 + 2*p. List the prime factors of v(8).
2, 11
Suppose 3*q = t - q + 128, -4*t + q = 452. Let d be t*(2/(-4) - 0). Suppose -4*s + 8*s - d = 0. List the prime factors of s.
2, 7
Let b(i) = -i**3 + 12*i**2 + i - 8. Let v be b(12). Suppose v*p = -97 + 325. Suppose q - 3*q = n - 51, -n = -2*q + p. What are the prime factors of q?
3
Let d = -54 + 293. What are the prime factors of d?
239
Let c(m) = -1. Let r(k) = -9*k + 1. Let i(l) = 3*c(l) + r(l). Let j(t) = t - 11. Let b be j(8). What are the prime factors of i(b)?
5
Suppose 7*b + 168 = 11*b. Suppose 0*l - 4*o = 4*l - 100, 4*o - b = -2*l. List the prime factors of l.
29
Let j = 4943 + -1872. What are the prime factors of j?
37, 83
Let o be (-35)/(-11) + 20/(-110). Suppose -o*r = 2*r - 50. Suppose 41 = 3*z - r. List the prime factors of z.
17
Suppose 136*b - 132*b + 40 = 0. Let y(p) = -10*p + 19. Let j(g) = -15*g + 29. Let m(q) = -5*j(q) + 8*y(q). List the prime factors of m(b).
3, 19
Let g be (-13)/(-26) - ((-257)/2 + 1). Suppose -g + 54 = -2*a + 5*b, 4*a - b = 148. List the prime factors of a.
37
List the prime factors of (6/(-60)*-115)/(1/62).
23, 31
List the prime factors of 9/(-2)*(-108 + -110).
3, 109
Suppose -5*u = -n - 87 + 392, 3*u = -5*n + 1385. List the prime factors of n.
2, 5, 7
Let q be (-1)/2 - (-45)/18. Suppose 6*n - 2*v = q*n, -2*n - 8 = -3*v. Suppose n*m = -m + 42. List the prime factors of m.
2, 7
Let o be (-4)/6 - (-33)/9. Suppose 0 = 2*j - 5*h - 28, o*j - 20 = 2*j + 4*h. Let l(y) = 2*y**2 - 6*y. What are the prime factors of l(j)?
2
Suppose 89449 - 14348 = 13*v. What are the prime factors of v?
53, 109
Let l = -407 + 960. What are the prime factors of l?
7, 79
Let u be (-42)/(-98) - 276/7. What are the prime factors of ((-13)/u)/(2/(-6)) - -116?
5, 23
List the prime factors of 21426/51 + 10/(-85).
2, 3, 5, 7
Let r(i) = 10*i**3 - 2*i**2 + i - 16. Let c be r(5). Suppose -2*b + 929 = 2*b - 5*n, 3*n - c = -5*b. List the prime factors of b.
2, 59
Let u(t) be the third derivative of t**6/120 + t**4/24 + 17*t**3/6 - 6*t**2. What are the prime factors of u(0)?
17
Let r(i) = -2*i - 16. Let l be r(-8). Let d(m) = -7 + l - m + 0 - 10*m - m**2. What are the prime factors of d(-7)?
3, 7
Let w = 771 + 118. What are the prime factors of w?
7, 127
Suppose -4*b + 2*g = 36, -22 = 3*b + g - 0*g. Let l = b + 12. What are the prime factors of ((-15)/(-6))/(2/l)?
5
Let y = 11 + -11. Suppose y = 4*f + 4, -f + 1 + 2 = 2*r. Suppose c + 2*h = 18, r*h = 3*h + 2. What are the prime factors of c?
2, 11
Let b(p) = -172*p**2 - 2*p + 2. Let y be b(1). Let h = -100 - y. List the prime factors of h.
2, 3
Let l = 21 - 11. Suppose 17 = 3*n + z, -4*n + 7 = -2*z + 1. Suppose n*f - l = 2*f. List the prime factors of f.
5
Let h(o) = -4*o**2 - 7*o - 5. Let i be h(-2). Let l(k) = k**2 - 10*k - 18. List the prime factors of l(i).
101
Let w be (-15 + 13)*(-1 + 1*3). What are the prime factors of w - (-36)/8 - (-782)/4?
2, 7
Let g be 10/(-4)*8/(-1). Let s be 58/18 - g/90. Suppose 3*y - 2*y = -3, s*n - 30 = 5*y. What are the prime factors of n?
5
Suppose 0 = -k - 2*k - 6, 0 